{"id":2455,"date":"2023-11-30T12:04:23","date_gmt":"2023-11-30T11:04:23","guid":{"rendered":"https:\/\/www.mfr53.org\/web\/?page_id=2455"},"modified":"2024-07-16T16:41:36","modified_gmt":"2024-07-16T14:41:36","slug":"notre-projet-educatif-2","status":"publish","type":"page","link":"https:\/\/www.mfr53.org\/web\/notre-projet-educatif-2\/","title":{"rendered":"VH &#8211; Notre projet \u00e9ducatif &#8211; 2"},"content":{"rendered":"\t\t<div data-elementor-type=\"wp-page\" data-elementor-id=\"2455\" class=\"elementor elementor-2455\">\n\t\t\t\t\t\t\t\t\t<section class=\"elementor-section elementor-top-section elementor-element elementor-element-540ad82 elementor-section-full_width elementor-section-height-default elementor-section-height-default\" data-id=\"540ad82\" data-element_type=\"section\" data-settings=\"{&quot;background_background&quot;:&quot;classic&quot;}\">\n\t\t\t\t\t\t<div class=\"elementor-container elementor-column-gap-no\">\n\t\t\t\t\t<div class=\"elementor-column elementor-col-100 elementor-top-column elementor-element elementor-element-265126d\" data-id=\"265126d\" data-element_type=\"column\">\n\t\t\t<div class=\"elementor-widget-wrap elementor-element-populated\">\n\t\t\t\t\t\t\t\t<div class=\"elementor-element elementor-element-35ceb1c elementor-widget__width-initial elementor-widget elementor-widget-image\" data-id=\"35ceb1c\" data-element_type=\"widget\" data-widget_type=\"image.default\">\n\t\t\t\t<div class=\"elementor-widget-container\">\n\t\t\t\t\t\t\t\t\t\t\t\t\t\t\t<img loading=\"lazy\" decoding=\"async\" width=\"1920\" height=\"816\" src=\"https:\/\/www.mfr53.org\/web\/wp-content\/uploads\/2024\/01\/MFR-53-Valeurs-La-pedagogie-de-lalternance.jpg\" class=\"attachment-full size-full wp-image-3255\" alt=\"MFR-Mayenne-53-Les \u00e9tablissements-Saint-Berthevin-Craon-Pr\u00e9-en-Pail-Laval-Port-Brillet\" srcset=\"https:\/\/www.mfr53.org\/web\/wp-content\/uploads\/2024\/01\/MFR-53-Valeurs-La-pedagogie-de-lalternance.jpg 1920w, https:\/\/www.mfr53.org\/web\/wp-content\/uploads\/2024\/01\/MFR-53-Valeurs-La-pedagogie-de-lalternance-300x128.jpg 300w, https:\/\/www.mfr53.org\/web\/wp-content\/uploads\/2024\/01\/MFR-53-Valeurs-La-pedagogie-de-lalternance-1024x435.jpg 1024w, https:\/\/www.mfr53.org\/web\/wp-content\/uploads\/2024\/01\/MFR-53-Valeurs-La-pedagogie-de-lalternance-768x326.jpg 768w, https:\/\/www.mfr53.org\/web\/wp-content\/uploads\/2024\/01\/MFR-53-Valeurs-La-pedagogie-de-lalternance-1536x653.jpg 1536w\" sizes=\"(max-width: 1920px) 100vw, 1920px\" \/>\t\t\t\t\t\t\t\t\t\t\t\t\t\t\t<\/div>\n\t\t\t\t<\/div>\n\t\t\t\t\t<\/div>\n\t\t<\/div>\n\t\t\t\t\t\t\t<\/div>\n\t\t<\/section>\n\t\t\t\t<section class=\"elementor-section elementor-top-section elementor-element elementor-element-e5e7277 elementor-section-boxed elementor-section-height-default elementor-section-height-default\" data-id=\"e5e7277\" data-element_type=\"section\">\n\t\t\t\t\t\t<div class=\"elementor-container elementor-column-gap-default\">\n\t\t\t\t\t<div class=\"elementor-column elementor-col-100 elementor-top-column elementor-element elementor-element-5c57735\" data-id=\"5c57735\" data-element_type=\"column\">\n\t\t\t<div class=\"elementor-widget-wrap elementor-element-populated\">\n\t\t\t\t\t\t\t\t<div class=\"elementor-element elementor-element-7b77b8f elementor-widget elementor-widget-text-editor\" data-id=\"7b77b8f\" data-element_type=\"widget\" data-widget_type=\"text-editor.default\">\n\t\t\t\t<div class=\"elementor-widget-container\">\n\t\t\t\t\t\t\t<h2 style=\"text-align: center;\"><span style=\"color: #ffffff;\">NOTRE<\/span>\u00a0<span style=\"color: #ceab5d;\">PROJET <span style=\"color: #ffffff;\">\u00c9DUCATIF<\/span><\/span><\/h2>\t\t\t\t\t\t<\/div>\n\t\t\t\t<\/div>\n\t\t\t\t\t<\/div>\n\t\t<\/div>\n\t\t\t\t\t\t\t<\/div>\n\t\t<\/section>\n\t\t\t\t<section class=\"elementor-section elementor-top-section elementor-element elementor-element-0d0396d elementor-hidden-desktop elementor-section-boxed elementor-section-height-default elementor-section-height-default\" data-id=\"0d0396d\" data-element_type=\"section\">\n\t\t\t\t\t\t<div class=\"elementor-container elementor-column-gap-default\">\n\t\t\t\t\t<div class=\"elementor-column elementor-col-100 elementor-top-column elementor-element elementor-element-66a39c9\" data-id=\"66a39c9\" data-element_type=\"column\">\n\t\t\t<div class=\"elementor-widget-wrap elementor-element-populated\">\n\t\t\t\t\t\t\t\t<div class=\"elementor-element elementor-element-08d6826 elementor-widget elementor-widget-image\" data-id=\"08d6826\" data-element_type=\"widget\" data-widget_type=\"image.default\">\n\t\t\t\t<div class=\"elementor-widget-container\">\n\t\t\t\t\t\t\t\t\t\t\t\t\t\t\t<img loading=\"lazy\" decoding=\"async\" width=\"1920\" height=\"847\" src=\"https:\/\/www.mfr53.org\/web\/wp-content\/uploads\/2024\/01\/Carre-arrondi-13.jpg\" class=\"attachment-full size-full wp-image-3277\" alt=\"MFR-53-Valeurs-projet-\u00e9ducatif\" srcset=\"https:\/\/www.mfr53.org\/web\/wp-content\/uploads\/2024\/01\/Carre-arrondi-13.jpg 1920w, https:\/\/www.mfr53.org\/web\/wp-content\/uploads\/2024\/01\/Carre-arrondi-13-300x132.jpg 300w, https:\/\/www.mfr53.org\/web\/wp-content\/uploads\/2024\/01\/Carre-arrondi-13-1024x452.jpg 1024w, https:\/\/www.mfr53.org\/web\/wp-content\/uploads\/2024\/01\/Carre-arrondi-13-768x339.jpg 768w, https:\/\/www.mfr53.org\/web\/wp-content\/uploads\/2024\/01\/Carre-arrondi-13-1536x678.jpg 1536w\" sizes=\"(max-width: 1920px) 100vw, 1920px\" \/>\t\t\t\t\t\t\t\t\t\t\t\t\t\t\t<\/div>\n\t\t\t\t<\/div>\n\t\t\t\t\t<\/div>\n\t\t<\/div>\n\t\t\t\t\t\t\t<\/div>\n\t\t<\/section>\n\t\t\t\t<section class=\"elementor-section elementor-top-section elementor-element elementor-element-544b1d6 elementor-section-boxed elementor-section-height-default elementor-section-height-default\" data-id=\"544b1d6\" data-element_type=\"section\">\n\t\t\t\t\t\t<div class=\"elementor-container elementor-column-gap-default\">\n\t\t\t\t\t<div class=\"elementor-column elementor-col-100 elementor-top-column elementor-element elementor-element-7b711f4\" data-id=\"7b711f4\" data-element_type=\"column\">\n\t\t\t<div class=\"elementor-widget-wrap elementor-element-populated\">\n\t\t\t\t\t\t\t\t<div class=\"elementor-element elementor-element-c92163c elementor-widget elementor-widget-image\" data-id=\"c92163c\" data-element_type=\"widget\" data-widget_type=\"image.default\">\n\t\t\t\t<div class=\"elementor-widget-container\">\n\t\t\t\t\t\t\t\t\t\t\t\t\t\t\t<img loading=\"lazy\" decoding=\"async\" width=\"1920\" height=\"847\" src=\"https:\/\/www.mfr53.org\/web\/wp-content\/uploads\/2024\/01\/Carre-arrondi-13.jpg\" class=\"attachment-full size-full wp-image-3277\" alt=\"MFR-53-Valeurs-projet-\u00e9ducatif\" srcset=\"https:\/\/www.mfr53.org\/web\/wp-content\/uploads\/2024\/01\/Carre-arrondi-13.jpg 1920w, https:\/\/www.mfr53.org\/web\/wp-content\/uploads\/2024\/01\/Carre-arrondi-13-300x132.jpg 300w, https:\/\/www.mfr53.org\/web\/wp-content\/uploads\/2024\/01\/Carre-arrondi-13-1024x452.jpg 1024w, https:\/\/www.mfr53.org\/web\/wp-content\/uploads\/2024\/01\/Carre-arrondi-13-768x339.jpg 768w, https:\/\/www.mfr53.org\/web\/wp-content\/uploads\/2024\/01\/Carre-arrondi-13-1536x678.jpg 1536w\" sizes=\"(max-width: 1920px) 100vw, 1920px\" \/>\t\t\t\t\t\t\t\t\t\t\t\t\t\t\t<\/div>\n\t\t\t\t<\/div>\n\t\t\t\t\t<\/div>\n\t\t<\/div>\n\t\t\t\t\t\t\t<\/div>\n\t\t<\/section>\n\t\t\t\t<section class=\"elementor-section elementor-top-section elementor-element elementor-element-1273485 elementor-section-boxed elementor-section-height-default elementor-section-height-default\" data-id=\"1273485\" data-element_type=\"section\">\n\t\t\t\t\t\t<div class=\"elementor-container elementor-column-gap-no\">\n\t\t\t\t\t<div class=\"elementor-column elementor-col-100 elementor-top-column elementor-element elementor-element-0480512\" data-id=\"0480512\" data-element_type=\"column\">\n\t\t\t<div class=\"elementor-widget-wrap elementor-element-populated\">\n\t\t\t\t\t\t\t\t<div class=\"elementor-element elementor-element-349d778 elementor-widget elementor-widget-text-editor\" data-id=\"349d778\" data-element_type=\"widget\" data-widget_type=\"text-editor.default\">\n\t\t\t\t<div class=\"elementor-widget-container\">\n\t\t\t\t\t\t\t<p><span style=\"color: #ffffff;\">Notre objectif est de permettre \u00e0 tous les apprenants de r\u00e9ussir tant d\u2019un point de vue personnel que social et professionnel. Pour ce faire, les Maisons Familiales Rurales mobilisent tous les acteurs engag\u00e9s dans la formation des jeunes autour d\u2019un projet partag\u00e9, reposant sur :<\/span><\/p><p><span style=\"color: #000000;\">Le principe de Co\u00e9ducation : <\/span><br \/><span style=\"color: #ffffff;\">Les familles sont les premi\u00e8res responsables de l\u2019\u00e9ducation de leurs enfants. Elles exercent leurs droits et assument leurs responsabilit\u00e9s, tout en confiant \u00e0 la MFR et \u00e0 un ma\u00eetre de stage ou d\u2019apprentissage une \u201cpart\u201d de cette \u00e9ducation.<\/span><\/p><p><span style=\"color: #000000;\">Le d\u00e9veloppement &amp; la promotion de la personne : <\/span><br \/><span style=\"color: #ffffff;\">La MFR accompagne au mieux chaque individu dans son projet et selon ses possibilit\u00e9s ; elle fait progressivement \u00e9voluer chaque jeune.<\/span><\/p><p><span style=\"color: #000000;\">Le vivre ensemble &amp; l\u2019ouverture aux autres : <\/span><br \/><span style=\"color: #ffffff;\">L\u2019\u00e9ducation des jeunes et l\u2019apprentissage de la citoyennet\u00e9 tient une place importante au sein des MFR, et s\u2019acqui\u00e8re \u00e0 travers la vie r\u00e9sidentielle, la place donn\u00e9e au groupe et les activit\u00e9s culturelles.<\/span><\/p><p><span style=\"color: #000000;\">La responsabilisation des \u00e9l\u00e8ves ou des apprentis : <\/span><br \/><span style=\"color: #ffffff;\">Tant \u00e0 l\u2019occasion des s\u00e9jours en entreprise qu\u2019\u00e0 la MFR, les activit\u00e9s confi\u00e9es aux jeunes doivent lui permettre de progresser, d\u2019acqu\u00e9rir de l\u2019autonomie, de s\u2019impliquer et de prendre progressivement des responsabilit\u00e9s.<\/span><\/p>\t\t\t\t\t\t<\/div>\n\t\t\t\t<\/div>\n\t\t\t\t\t<\/div>\n\t\t<\/div>\n\t\t\t\t\t\t\t<\/div>\n\t\t<\/section>\n\t\t\t\t\t\t\t<\/div>\n\t\t","protected":false},"excerpt":{"rendered":"<p>NOTRE\u00a0PROJET \u00c9DUCATIF Notre objectif est de permettre \u00e0 tous les apprenants de r\u00e9ussir tant d\u2019un point de vue personnel que social et professionnel. Pour ce faire, les Maisons Familiales Rurales mobilisent tous les acteurs engag\u00e9s dans la formation des jeunes autour d\u2019un projet partag\u00e9, reposant sur : Le principe de Co\u00e9ducation : Les familles sont<\/p>\n<p><a href=\"https:\/\/www.mfr53.org\/web\/notre-projet-educatif-2\/\" class=\"more-link\">Lire la suite<\/a><\/p>\n","protected":false},"author":3,"featured_media":0,"parent":0,"menu_order":0,"comment_status":"closed","ping_status":"closed","template":"elementor_header_footer","meta":{"footnotes":""},"_links":{"self":[{"href":"https:\/\/www.mfr53.org\/web\/wp-json\/wp\/v2\/pages\/2455"}],"collection":[{"href":"https:\/\/www.mfr53.org\/web\/wp-json\/wp\/v2\/pages"}],"about":[{"href":"https:\/\/www.mfr53.org\/web\/wp-json\/wp\/v2\/types\/page"}],"author":[{"embeddable":true,"href":"https:\/\/www.mfr53.org\/web\/wp-json\/wp\/v2\/users\/3"}],"replies":[{"embeddable":true,"href":"https:\/\/www.mfr53.org\/web\/wp-json\/wp\/v2\/comments?post=2455"}],"version-history":[{"count":32,"href":"https:\/\/www.mfr53.org\/web\/wp-json\/wp\/v2\/pages\/2455\/revisions"}],"predecessor-version":[{"id":3851,"href":"https:\/\/www.mfr53.org\/web\/wp-json\/wp\/v2\/pages\/2455\/revisions\/3851"}],"wp:attachment":[{"href":"https:\/\/www.mfr53.org\/web\/wp-json\/wp\/v2\/media?parent=2455"}],"curies":[{"name":"wp","href":"https:\/\/api.w.org\/{rel}","templated":true}]}}

VH &#8211; Notre projet éducatif &#8211; 2

<div data-elementor-type="wp-page" data-elementor-id="2455" class="elementor elementor-2455">
									<section class="elementor-section elementor-top-section elementor-element elementor-element-540ad82 elementor-section-full_width elementor-section-height-default elementor-section-height-default" data-id="540ad82" data-element_type="section" data-settings="{&quot;background_background&quot;:&quot;classic&quot;}">
						<div class="elementor-container elementor-column-gap-no">
					<div class="elementor-column elementor-col-100 elementor-top-column elementor-element elementor-element-265126d" data-id="265126d" data-element_type="column">
			<div class="elementor-widget-wrap elementor-element-populated">
								<div class="elementor-element elementor-element-35ceb1c elementor-widget__width-initial elementor-widget elementor-widget-image" data-id="35ceb1c" data-element_type="widget" data-widget_type="image.default">
				<div class="elementor-widget-container">
															<img loading="lazy" decoding="async" width="1920" height="816" src="https://www.mfr53.org/web/wp-content/uploads/2024/01/MFR-53-Valeurs-La-pedagogie-de-lalternance.jpg" class="attachment-full size-full wp-image-3255" alt="MFR-Mayenne-53-Les établissements-Saint-Berthevin-Craon-Pré-en-Pail-Laval-Port-Brillet" srcset="https://www.mfr53.org/web/wp-content/uploads/2024/01/MFR-53-Valeurs-La-pedagogie-de-lalternance.jpg 1920w, https://www.mfr53.org/web/wp-content/uploads/2024/01/MFR-53-Valeurs-La-pedagogie-de-lalternance-300x128.jpg 300w, https://www.mfr53.org/web/wp-content/uploads/2024/01/MFR-53-Valeurs-La-pedagogie-de-lalternance-1024x435.jpg 1024w, https://www.mfr53.org/web/wp-content/uploads/2024/01/MFR-53-Valeurs-La-pedagogie-de-lalternance-768x326.jpg 768w, https://www.mfr53.org/web/wp-content/uploads/2024/01/MFR-53-Valeurs-La-pedagogie-de-lalternance-1536x653.jpg 1536w" sizes="(max-width: 1920px) 100vw, 1920px" />															</div>
				</div>
					</div>
		</div>
							</div>
		</section>
				<section class="elementor-section elementor-top-section elementor-element elementor-element-e5e7277 elementor-section-boxed elementor-section-height-default elementor-section-height-default" data-id="e5e7277" data-element_type="section">
						<div class="elementor-container elementor-column-gap-default">
					<div class="elementor-column elementor-col-100 elementor-top-column elementor-element elementor-element-5c57735" data-id="5c57735" data-element_type="column">
			<div class="elementor-widget-wrap elementor-element-populated">
								<div class="elementor-element elementor-element-7b77b8f elementor-widget elementor-widget-text-editor" data-id="7b77b8f" data-element_type="widget" data-widget_type="text-editor.default">
				<div class="elementor-widget-container">
							<h2 style="text-align: center;"><span style="color: #ffffff;">NOTRE</span> <span style="color: #ceab5d;">PROJET <span style="color: #ffffff;">ÉDUCATIF</span></span></h2>						</div>
				</div>
					</div>
		</div>
							</div>
		</section>
				<section class="elementor-section elementor-top-section elementor-element elementor-element-0d0396d elementor-hidden-desktop elementor-section-boxed elementor-section-height-default elementor-section-height-default" data-id="0d0396d" data-element_type="section">
						<div class="elementor-container elementor-column-gap-default">
					<div class="elementor-column elementor-col-100 elementor-top-column elementor-element elementor-element-66a39c9" data-id="66a39c9" data-element_type="column">
			<div class="elementor-widget-wrap elementor-element-populated">
								<div class="elementor-element elementor-element-08d6826 elementor-widget elementor-widget-image" data-id="08d6826" data-element_type="widget" data-widget_type="image.default">
				<div class="elementor-widget-container">
															<img loading="lazy" decoding="async" width="1920" height="847" src="https://www.mfr53.org/web/wp-content/uploads/2024/01/Carre-arrondi-13.jpg" class="attachment-full size-full wp-image-3277" alt="MFR-53-Valeurs-projet-éducatif" srcset="https://www.mfr53.org/web/wp-content/uploads/2024/01/Carre-arrondi-13.jpg 1920w, https://www.mfr53.org/web/wp-content/uploads/2024/01/Carre-arrondi-13-300x132.jpg 300w, https://www.mfr53.org/web/wp-content/uploads/2024/01/Carre-arrondi-13-1024x452.jpg 1024w, https://www.mfr53.org/web/wp-content/uploads/2024/01/Carre-arrondi-13-768x339.jpg 768w, https://www.mfr53.org/web/wp-content/uploads/2024/01/Carre-arrondi-13-1536x678.jpg 1536w" sizes="(max-width: 1920px) 100vw, 1920px" />															</div>
				</div>
					</div>
		</div>
							</div>
		</section>
				<section class="elementor-section elementor-top-section elementor-element elementor-element-544b1d6 elementor-section-boxed elementor-section-height-default elementor-section-height-default" data-id="544b1d6" data-element_type="section">
						<div class="elementor-container elementor-column-gap-default">
					<div class="elementor-column elementor-col-100 elementor-top-column elementor-element elementor-element-7b711f4" data-id="7b711f4" data-element_type="column">
			<div class="elementor-widget-wrap elementor-element-populated">
								<div class="elementor-element elementor-element-c92163c elementor-widget elementor-widget-image" data-id="c92163c" data-element_type="widget" data-widget_type="image.default">
				<div class="elementor-widget-container">
															<img loading="lazy" decoding="async" width="1920" height="847" src="https://www.mfr53.org/web/wp-content/uploads/2024/01/Carre-arrondi-13.jpg" class="attachment-full size-full wp-image-3277" alt="MFR-53-Valeurs-projet-éducatif" srcset="https://www.mfr53.org/web/wp-content/uploads/2024/01/Carre-arrondi-13.jpg 1920w, https://www.mfr53.org/web/wp-content/uploads/2024/01/Carre-arrondi-13-300x132.jpg 300w, https://www.mfr53.org/web/wp-content/uploads/2024/01/Carre-arrondi-13-1024x452.jpg 1024w, https://www.mfr53.org/web/wp-content/uploads/2024/01/Carre-arrondi-13-768x339.jpg 768w, https://www.mfr53.org/web/wp-content/uploads/2024/01/Carre-arrondi-13-1536x678.jpg 1536w" sizes="(max-width: 1920px) 100vw, 1920px" />															</div>
				</div>
					</div>
		</div>
							</div>
		</section>
				<section class="elementor-section elementor-top-section elementor-element elementor-element-1273485 elementor-section-boxed elementor-section-height-default elementor-section-height-default" data-id="1273485" data-element_type="section">
						<div class="elementor-container elementor-column-gap-no">
					<div class="elementor-column elementor-col-100 elementor-top-column elementor-element elementor-element-0480512" data-id="0480512" data-element_type="column">
			<div class="elementor-widget-wrap elementor-element-populated">
								<div class="elementor-element elementor-element-349d778 elementor-widget elementor-widget-text-editor" data-id="349d778" data-element_type="widget" data-widget_type="text-editor.default">
				<div class="elementor-widget-container">
							<p><span style="color: #ffffff;">Notre objectif est de permettre à tous les apprenants de réussir tant d’un point de vue personnel que social et professionnel. Pour ce faire, les Maisons Familiales Rurales mobilisent tous les acteurs engagés dans la formation des jeunes autour d’un projet partagé, reposant sur :</span></p><p><span style="color: #000000;">Le principe de Coéducation : </span><br /><span style="color: #ffffff;">Les familles sont les premières responsables de l’éducation de leurs enfants. Elles exercent leurs droits et assument leurs responsabilités, tout en confiant à la MFR et à un maître de stage ou d’apprentissage une “part” de cette éducation.</span></p><p><span style="color: #000000;">Le développement &amp; la promotion de la personne : </span><br /><span style="color: #ffffff;">La MFR accompagne au mieux chaque individu dans son projet et selon ses possibilités ; elle fait progressivement évoluer chaque jeune.</span></p><p><span style="color: #000000;">Le vivre ensemble &amp; l’ouverture aux autres : </span><br /><span style="color: #ffffff;">L’éducation des jeunes et l’apprentissage de la citoyenneté tient une place importante au sein des MFR, et s’acquière à travers la vie résidentielle, la place donnée au groupe et les activités culturelles.</span></p><p><span style="color: #000000;">La responsabilisation des élèves ou des apprentis : </span><br /><span style="color: #ffffff;">Tant à l’occasion des séjours en entreprise qu’à la MFR, les activités confiées aux jeunes doivent lui permettre de progresser, d’acquérir de l’autonomie, de s’impliquer et de prendre progressivement des responsabilités.</span></p>						</div>
				</div>
					</div>
		</div>
							</div>
		</section>
							</div>

<p>NOTRE PROJET ÉDUCATIF Notre objectif est de permettre à tous les apprenants de réussir tant d’un point de vue personnel que social et professionnel. Pour ce faire, les Maisons Familiales Rurales mobilisent tous les acteurs engagés dans la formation des jeunes autour d’un projet partagé, reposant sur : Le principe de Coéducation : Les familles sont</p>
<p><a href="https://www.mfr53.org/web/notre-projet-educatif-2/" class="more-link">Lire la suite</a></p>
