{"id":2395,"date":"2023-11-30T10:27:53","date_gmt":"2023-11-30T09:27:53","guid":{"rendered":"https:\/\/www.mfr53.org\/web\/?page_id=2395"},"modified":"2024-07-16T15:53:58","modified_gmt":"2024-07-16T13:53:58","slug":"maintenance-batiments-energies","status":"publish","type":"page","link":"https:\/\/www.mfr53.org\/web\/maintenance-batiments-energies\/","title":{"rendered":"B\u00e2timents &#038; \u00e9nergies &#8211; 2"},"content":{"rendered":"\t\t<div data-elementor-type=\"wp-page\" data-elementor-id=\"2395\" class=\"elementor elementor-2395\">\n\t\t\t\t\t\t\t\t\t<section class=\"elementor-section elementor-top-section elementor-element elementor-element-540ad82 elementor-section-full_width elementor-section-height-default elementor-section-height-default\" data-id=\"540ad82\" data-element_type=\"section\" data-settings=\"{&quot;background_background&quot;:&quot;classic&quot;}\">\n\t\t\t\t\t\t<div class=\"elementor-container elementor-column-gap-no\">\n\t\t\t\t\t<div class=\"elementor-column elementor-col-100 elementor-top-column elementor-element elementor-element-265126d\" data-id=\"265126d\" data-element_type=\"column\">\n\t\t\t<div class=\"elementor-widget-wrap elementor-element-populated\">\n\t\t\t\t\t\t\t\t<div class=\"elementor-element elementor-element-35ceb1c elementor-widget__width-initial elementor-widget elementor-widget-image\" data-id=\"35ceb1c\" data-element_type=\"widget\" data-widget_type=\"image.default\">\n\t\t\t\t<div class=\"elementor-widget-container\">\n\t\t\t\t\t\t\t\t\t\t\t\t\t\t\t<img loading=\"lazy\" decoding=\"async\" width=\"1920\" height=\"830\" src=\"https:\/\/www.mfr53.org\/web\/wp-content\/uploads\/2024\/01\/MFR-53-Metiers-de-la-maintenance-des-batiments-et-la-maitrise-des-energies-2.jpg\" class=\"attachment-full size-full wp-image-3235\" alt=\"MFR-53-M\u00e9tiers-de-la-maintenance-des-batiments-et-la-maitrise-des-energies\" srcset=\"https:\/\/www.mfr53.org\/web\/wp-content\/uploads\/2024\/01\/MFR-53-Metiers-de-la-maintenance-des-batiments-et-la-maitrise-des-energies-2.jpg 1920w, https:\/\/www.mfr53.org\/web\/wp-content\/uploads\/2024\/01\/MFR-53-Metiers-de-la-maintenance-des-batiments-et-la-maitrise-des-energies-2-300x130.jpg 300w, https:\/\/www.mfr53.org\/web\/wp-content\/uploads\/2024\/01\/MFR-53-Metiers-de-la-maintenance-des-batiments-et-la-maitrise-des-energies-2-1024x443.jpg 1024w, https:\/\/www.mfr53.org\/web\/wp-content\/uploads\/2024\/01\/MFR-53-Metiers-de-la-maintenance-des-batiments-et-la-maitrise-des-energies-2-768x332.jpg 768w, https:\/\/www.mfr53.org\/web\/wp-content\/uploads\/2024\/01\/MFR-53-Metiers-de-la-maintenance-des-batiments-et-la-maitrise-des-energies-2-1536x664.jpg 1536w\" sizes=\"(max-width: 1920px) 100vw, 1920px\" \/>\t\t\t\t\t\t\t\t\t\t\t\t\t\t\t<\/div>\n\t\t\t\t<\/div>\n\t\t\t\t\t<\/div>\n\t\t<\/div>\n\t\t\t\t\t\t\t<\/div>\n\t\t<\/section>\n\t\t\t\t<section class=\"elementor-section elementor-top-section elementor-element elementor-element-e5e7277 elementor-section-boxed elementor-section-height-default elementor-section-height-default\" data-id=\"e5e7277\" data-element_type=\"section\">\n\t\t\t\t\t\t<div class=\"elementor-container elementor-column-gap-default\">\n\t\t\t\t\t<div class=\"elementor-column elementor-col-100 elementor-top-column elementor-element elementor-element-5c57735\" data-id=\"5c57735\" data-element_type=\"column\">\n\t\t\t<div class=\"elementor-widget-wrap elementor-element-populated\">\n\t\t\t\t\t\t\t\t<div class=\"elementor-element elementor-element-7b77b8f elementor-widget elementor-widget-text-editor\" data-id=\"7b77b8f\" data-element_type=\"widget\" data-widget_type=\"text-editor.default\">\n\t\t\t\t<div class=\"elementor-widget-container\">\n\t\t\t\t\t\t\t<h2 style=\"text-align: center;\"><span style=\"color: #ffffff;\">LES M\u00c9TIERS DE LA\u00a0<span style=\"color: #ceab5d;\">MAINTENANCE DES B\u00c2TIMENTS\u00a0<\/span><\/span><\/h2><h2 style=\"text-align: center;\"><span style=\"color: #ffffff;\"><span style=\"color: #ceab5d;\"><span style=\"color: #ffffff;\">ET DE LA<\/span> MAITRISE DES \u00c9NERGIES<\/span><\/span><\/h2>\t\t\t\t\t\t<\/div>\n\t\t\t\t<\/div>\n\t\t\t\t\t<\/div>\n\t\t<\/div>\n\t\t\t\t\t\t\t<\/div>\n\t\t<\/section>\n\t\t\t\t<section class=\"elementor-section elementor-top-section elementor-element elementor-element-0d0396d elementor-hidden-desktop elementor-section-boxed elementor-section-height-default elementor-section-height-default\" data-id=\"0d0396d\" data-element_type=\"section\">\n\t\t\t\t\t\t<div class=\"elementor-container elementor-column-gap-default\">\n\t\t\t\t\t<div class=\"elementor-column elementor-col-100 elementor-top-column elementor-element elementor-element-66a39c9\" data-id=\"66a39c9\" data-element_type=\"column\">\n\t\t\t<div class=\"elementor-widget-wrap elementor-element-populated\">\n\t\t\t\t\t\t\t\t<div class=\"elementor-element elementor-element-08d6826 elementor-widget elementor-widget-image\" data-id=\"08d6826\" data-element_type=\"widget\" data-widget_type=\"image.default\">\n\t\t\t\t<div class=\"elementor-widget-container\">\n\t\t\t\t\t\t\t\t\t\t\t\t\t\t\t<img loading=\"lazy\" decoding=\"async\" width=\"1920\" height=\"818\" src=\"https:\/\/www.mfr53.org\/web\/wp-content\/uploads\/2024\/01\/Carre-arrondi-10.jpg\" class=\"attachment-full size-full wp-image-3236\" alt=\"MFR-53-M\u00e9tiers-de-la-maintenance-des-batiments-et-la-maitrise-des-energies\" srcset=\"https:\/\/www.mfr53.org\/web\/wp-content\/uploads\/2024\/01\/Carre-arrondi-10.jpg 1920w, https:\/\/www.mfr53.org\/web\/wp-content\/uploads\/2024\/01\/Carre-arrondi-10-300x128.jpg 300w, https:\/\/www.mfr53.org\/web\/wp-content\/uploads\/2024\/01\/Carre-arrondi-10-1024x436.jpg 1024w, https:\/\/www.mfr53.org\/web\/wp-content\/uploads\/2024\/01\/Carre-arrondi-10-768x327.jpg 768w, https:\/\/www.mfr53.org\/web\/wp-content\/uploads\/2024\/01\/Carre-arrondi-10-1536x654.jpg 1536w\" sizes=\"(max-width: 1920px) 100vw, 1920px\" \/>\t\t\t\t\t\t\t\t\t\t\t\t\t\t\t<\/div>\n\t\t\t\t<\/div>\n\t\t\t\t\t<\/div>\n\t\t<\/div>\n\t\t\t\t\t\t\t<\/div>\n\t\t<\/section>\n\t\t\t\t<section class=\"elementor-section elementor-top-section elementor-element elementor-element-78aea78 elementor-section-boxed elementor-section-height-default elementor-section-height-default\" data-id=\"78aea78\" data-element_type=\"section\">\n\t\t\t\t\t\t<div class=\"elementor-container elementor-column-gap-default\">\n\t\t\t\t\t<div class=\"elementor-column elementor-col-100 elementor-top-column elementor-element elementor-element-2aebd17\" data-id=\"2aebd17\" data-element_type=\"column\">\n\t\t\t<div class=\"elementor-widget-wrap elementor-element-populated\">\n\t\t\t\t\t\t\t\t<div class=\"elementor-element elementor-element-0ba47cb elementor-widget elementor-widget-image\" data-id=\"0ba47cb\" data-element_type=\"widget\" data-widget_type=\"image.default\">\n\t\t\t\t<div class=\"elementor-widget-container\">\n\t\t\t\t\t\t\t\t\t\t\t\t\t\t\t<img loading=\"lazy\" decoding=\"async\" width=\"1920\" height=\"818\" src=\"https:\/\/www.mfr53.org\/web\/wp-content\/uploads\/2024\/01\/Carre-arrondi-10.jpg\" class=\"attachment-full size-full wp-image-3236\" alt=\"MFR-53-M\u00e9tiers-de-la-maintenance-des-batiments-et-la-maitrise-des-energies\" srcset=\"https:\/\/www.mfr53.org\/web\/wp-content\/uploads\/2024\/01\/Carre-arrondi-10.jpg 1920w, https:\/\/www.mfr53.org\/web\/wp-content\/uploads\/2024\/01\/Carre-arrondi-10-300x128.jpg 300w, https:\/\/www.mfr53.org\/web\/wp-content\/uploads\/2024\/01\/Carre-arrondi-10-1024x436.jpg 1024w, https:\/\/www.mfr53.org\/web\/wp-content\/uploads\/2024\/01\/Carre-arrondi-10-768x327.jpg 768w, https:\/\/www.mfr53.org\/web\/wp-content\/uploads\/2024\/01\/Carre-arrondi-10-1536x654.jpg 1536w\" sizes=\"(max-width: 1920px) 100vw, 1920px\" \/>\t\t\t\t\t\t\t\t\t\t\t\t\t\t\t<\/div>\n\t\t\t\t<\/div>\n\t\t\t\t\t<\/div>\n\t\t<\/div>\n\t\t\t\t\t\t\t<\/div>\n\t\t<\/section>\n\t\t\t\t<section class=\"elementor-section elementor-top-section elementor-element elementor-element-1273485 elementor-section-boxed elementor-section-height-default elementor-section-height-default\" data-id=\"1273485\" data-element_type=\"section\">\n\t\t\t\t\t\t<div class=\"elementor-container elementor-column-gap-no\">\n\t\t\t\t\t<div class=\"elementor-column elementor-col-100 elementor-top-column elementor-element elementor-element-0480512\" data-id=\"0480512\" data-element_type=\"column\">\n\t\t\t<div class=\"elementor-widget-wrap elementor-element-populated\">\n\t\t\t\t\t\t\t\t<div class=\"elementor-element elementor-element-349d778 elementor-widget elementor-widget-text-editor\" data-id=\"349d778\" data-element_type=\"widget\" data-widget_type=\"text-editor.default\">\n\t\t\t\t<div class=\"elementor-widget-container\">\n\t\t\t\t\t\t\t<h1><span style=\"color: #ffffff;\">LES M\u00c9TIERS DE LA <span style=\"color: #000000;\">MAINTENANCE DES B\u00c2TIMENTS<\/span> ET DE LA<span style=\"color: #000000;\"> MA\u00ceTRISE DES \u00c9NERGIES<\/span><\/span><\/h1><p><span style=\"color: #ffffff;\">Ces classes permettent aux jeunes et adultes :<\/span><br \/><span style=\"color: #ffffff;\">Le titulaire de ce dipl\u00f4me exerce son activit\u00e9 dans les b\u00e2timents g\u00e9r\u00e9s par des collectivit\u00e9s (communes, h\u00f4pitaux, entreprises, complexes touristiques\u2026).<\/span><br \/><span style=\"color: #ffffff;\">Il peut intervenir sur les structures fixes (gros \u0153uvre, second \u0153uvre), les structures mobiles (ouvertures, mobilier), les r\u00e9seaux et appareillages concernant la plomberie, le chauffage, l\u2019\u00e9lectricit\u00e9.<\/span><br \/><span style=\"color: #ffffff;\">Il peut se voir confier des travaux de maintenance pr\u00e9ventive : v\u00e9rification, contr\u00f4le, entretien. En cas de dysfonctionnement, il est capable de localiser la panne et d\u2019en \u00e9valuer la gravit\u00e9. Il est \u00e0 m\u00eame de proc\u00e9der aux r\u00e9parations n\u2019impliquant pas de modification technique, de remplacer un \u00e9l\u00e9ment d\u00e9fectueux, de transmettre des informations \u00e0 sa hi\u00e9rarchie. Il doit tenir \u00e0 jour les fiches d\u2019entretien.<\/span><br \/><span style=\"color: #ffffff;\">Ce professionnel conna\u00eet les diff\u00e9rents mat\u00e9riaux et mat\u00e9riels, les modalit\u00e9s de leur mise en \u0153uvre ou de leur installation, les causes de vieillissement et de panne. Par ailleurs, il ma\u00eetrise les techniques de contr\u00f4le.<\/span><\/p>\t\t\t\t\t\t<\/div>\n\t\t\t\t<\/div>\n\t\t\t\t\t<\/div>\n\t\t<\/div>\n\t\t\t\t\t\t\t<\/div>\n\t\t<\/section>\n\t\t\t\t<section class=\"elementor-section elementor-top-section elementor-element elementor-element-44631a5 elementor-section-boxed elementor-section-height-default elementor-section-height-default\" data-id=\"44631a5\" data-element_type=\"section\">\n\t\t\t\t\t\t\t<div class=\"elementor-background-overlay\"><\/div>\n\t\t\t\t\t\t\t<div class=\"elementor-container elementor-column-gap-default\">\n\t\t\t\t\t<div class=\"elementor-column elementor-col-100 elementor-top-column elementor-element elementor-element-d17445d\" data-id=\"d17445d\" data-element_type=\"column\">\n\t\t\t<div class=\"elementor-widget-wrap elementor-element-populated\">\n\t\t\t\t\t\t\t\t<div class=\"elementor-element elementor-element-5af2014 elementor-widget elementor-widget-heading\" data-id=\"5af2014\" data-element_type=\"widget\" data-widget_type=\"heading.default\">\n\t\t\t\t<div class=\"elementor-widget-container\">\n\t\t\t<h2 class=\"elementor-heading-title elementor-size-default\">FORMATIONS PROPOS\u00c9ES<\/h2>\t\t<\/div>\n\t\t\t\t<\/div>\n\t\t\t\t\t<\/div>\n\t\t<\/div>\n\t\t\t\t\t\t\t<\/div>\n\t\t<\/section>\n\t\t\t\t<section class=\"elementor-section elementor-top-section elementor-element elementor-element-662760d elementor-section-boxed elementor-section-height-default elementor-section-height-default\" data-id=\"662760d\" data-element_type=\"section\">\n\t\t\t\t\t\t\t<div class=\"elementor-background-overlay\"><\/div>\n\t\t\t\t\t\t\t<div class=\"elementor-container elementor-column-gap-default\">\n\t\t\t\t\t<div class=\"elementor-column elementor-col-100 elementor-top-column elementor-element elementor-element-6e78067\" data-id=\"6e78067\" data-element_type=\"column\">\n\t\t\t<div class=\"elementor-widget-wrap elementor-element-populated\">\n\t\t\t\t\t\t\t\t<div class=\"elementor-element elementor-element-1d3be85 elementor-invisible elementor-widget elementor-widget-image\" data-id=\"1d3be85\" data-element_type=\"widget\" data-settings=\"{&quot;_animation&quot;:&quot;bounce&quot;}\" data-widget_type=\"image.default\">\n\t\t\t\t<div class=\"elementor-widget-container\">\n\t\t\t\t\t\t\t\t\t\t\t\t\t\t\t\t<a href=\"http:\/\/www.lafutaie.org\/\">\n\t\t\t\t\t\t\t<img loading=\"lazy\" decoding=\"async\" width=\"696\" height=\"544\" src=\"https:\/\/www.mfr53.org\/web\/wp-content\/uploads\/2024\/01\/CFP-La-Futaie-Les-Touches-Port-Brillet-3-768x600.jpg\" class=\"elementor-animation-grow attachment-medium_large size-medium_large wp-image-3237\" alt=\"CFP-La-Futaie-Les-Touches-Port-Brillet-MFR-53-M\u00e9tiers-de-la-maintenance-des-batiments-et-la-maitrise-des-energies\" srcset=\"https:\/\/www.mfr53.org\/web\/wp-content\/uploads\/2024\/01\/CFP-La-Futaie-Les-Touches-Port-Brillet-3-768x600.jpg 768w, https:\/\/www.mfr53.org\/web\/wp-content\/uploads\/2024\/01\/CFP-La-Futaie-Les-Touches-Port-Brillet-3-300x234.jpg 300w, https:\/\/www.mfr53.org\/web\/wp-content\/uploads\/2024\/01\/CFP-La-Futaie-Les-Touches-Port-Brillet-3.jpg 867w\" sizes=\"(max-width: 696px) 100vw, 696px\" \/>\t\t\t\t\t\t\t\t<\/a>\n\t\t\t\t\t\t\t\t\t\t\t\t\t\t\t<\/div>\n\t\t\t\t<\/div>\n\t\t\t\t\t<\/div>\n\t\t<\/div>\n\t\t\t\t\t\t\t<\/div>\n\t\t<\/section>\n\t\t\t\t<section class=\"elementor-section elementor-top-section elementor-element elementor-element-c2331e7 elementor-section-boxed elementor-section-height-default elementor-section-height-default\" data-id=\"c2331e7\" data-element_type=\"section\">\n\t\t\t\t\t\t<div class=\"elementor-container elementor-column-gap-default\">\n\t\t\t\t\t<div class=\"elementor-column elementor-col-100 elementor-top-column elementor-element elementor-element-2fea07a\" data-id=\"2fea07a\" data-element_type=\"column\">\n\t\t\t<div class=\"elementor-widget-wrap elementor-element-populated\">\n\t\t\t\t\t\t\t\t<div class=\"elementor-element elementor-element-e2e92fc elementor-invisible elementor-widget elementor-widget-text-editor\" data-id=\"e2e92fc\" data-element_type=\"widget\" data-settings=\"{&quot;_animation&quot;:&quot;bounce&quot;}\" data-widget_type=\"text-editor.default\">\n\t\t\t\t<div class=\"elementor-widget-container\">\n\t\t\t\t\t\t\t<h4 style=\"text-align: center;\"><a href=\"http:\/\/www.lafutaie.org\/\"><span style=\"color: #ffffff;\">CFP &#8220;La Futaie &#8211; Les Touches&#8221; Port-Brillet<\/span><\/a><\/h4>\t\t\t\t\t\t<\/div>\n\t\t\t\t<\/div>\n\t\t\t\t\t<\/div>\n\t\t<\/div>\n\t\t\t\t\t\t\t<\/div>\n\t\t<\/section>\n\t\t\t\t<section class=\"elementor-section elementor-top-section elementor-element elementor-element-c3d074d elementor-section-boxed elementor-section-height-default elementor-section-height-default\" data-id=\"c3d074d\" data-element_type=\"section\">\n\t\t\t\t\t\t<div class=\"elementor-container elementor-column-gap-default\">\n\t\t\t\t\t<div class=\"elementor-column elementor-col-100 elementor-top-column elementor-element elementor-element-368744e\" data-id=\"368744e\" data-element_type=\"column\">\n\t\t\t<div class=\"elementor-widget-wrap elementor-element-populated\">\n\t\t\t\t\t\t\t\t<div class=\"elementor-element elementor-element-9b8020d elementor-widget__width-initial elementor-widget-mobile__width-initial elementor-invisible elementor-widget elementor-widget-text-editor\" data-id=\"9b8020d\" data-element_type=\"widget\" data-settings=\"{&quot;_animation&quot;:&quot;bounce&quot;}\" data-widget_type=\"text-editor.default\">\n\t\t\t\t<div class=\"elementor-widget-container\">\n\t\t\t\t\t\t\t<p style=\"text-align: center;\"><span style=\"color: #ffffff;\">Titre &#8211; Agent de Maintenance des B\u00e2timents<\/span><\/p><p style=\"text-align: center;\"><span style=\"color: #ffffff; font-family: var( --e-global-typography-text-font-family ), Sans-serif; font-weight: var( --e-global-typography-text-font-weight ); font-size: 0.9375rem;\">Certificat de Qualification Professionnelle\u00a0 &#8211;\u00a0<\/span><span style=\"color: #ffffff; font-family: var( --e-global-typography-text-font-family ), Sans-serif; font-weight: var( --e-global-typography-text-font-weight ); font-size: 0.9375rem;\">Installation et Maintenance des Syst\u00e8mes Solaires Photovolta\u00efques et Thermiques<\/span><\/p><p style=\"text-align: center;\"><span style=\"color: #ffffff; font-family: var( --e-global-typography-text-font-family ), Sans-serif; font-weight: var( --e-global-typography-text-font-weight ); font-size: 0.9375rem;\">Titre de niveau 6 &#8211; Charg\u00e9 de Projet et B\u00e2timents Durables<\/span><\/p>\t\t\t\t\t\t<\/div>\n\t\t\t\t<\/div>\n\t\t\t\t\t<\/div>\n\t\t<\/div>\n\t\t\t\t\t\t\t<\/div>\n\t\t<\/section>\n\t\t\t\t\t\t\t<\/div>\n\t\t","protected":false},"excerpt":{"rendered":"<p>LES M\u00c9TIERS DE LA\u00a0MAINTENANCE DES B\u00c2TIMENTS\u00a0 ET DE LA MAITRISE DES \u00c9NERGIES LES M\u00c9TIERS DE LA MAINTENANCE DES B\u00c2TIMENTS ET DE LA MA\u00ceTRISE DES \u00c9NERGIES Ces classes permettent aux jeunes et adultes :Le titulaire de ce dipl\u00f4me exerce son activit\u00e9 dans les b\u00e2timents g\u00e9r\u00e9s par des collectivit\u00e9s (communes, h\u00f4pitaux, entreprises, complexes touristiques\u2026).Il peut intervenir sur<\/p>\n<p><a href=\"https:\/\/www.mfr53.org\/web\/maintenance-batiments-energies\/\" class=\"more-link\">Lire la suite<\/a><\/p>\n","protected":false},"author":3,"featured_media":0,"parent":0,"menu_order":0,"comment_status":"closed","ping_status":"closed","template":"elementor_header_footer","meta":{"footnotes":""},"_links":{"self":[{"href":"https:\/\/www.mfr53.org\/web\/wp-json\/wp\/v2\/pages\/2395"}],"collection":[{"href":"https:\/\/www.mfr53.org\/web\/wp-json\/wp\/v2\/pages"}],"about":[{"href":"https:\/\/www.mfr53.org\/web\/wp-json\/wp\/v2\/types\/page"}],"author":[{"embeddable":true,"href":"https:\/\/www.mfr53.org\/web\/wp-json\/wp\/v2\/users\/3"}],"replies":[{"embeddable":true,"href":"https:\/\/www.mfr53.org\/web\/wp-json\/wp\/v2\/comments?post=2395"}],"version-history":[{"count":50,"href":"https:\/\/www.mfr53.org\/web\/wp-json\/wp\/v2\/pages\/2395\/revisions"}],"predecessor-version":[{"id":3830,"href":"https:\/\/www.mfr53.org\/web\/wp-json\/wp\/v2\/pages\/2395\/revisions\/3830"}],"wp:attachment":[{"href":"https:\/\/www.mfr53.org\/web\/wp-json\/wp\/v2\/media?parent=2395"}],"curies":[{"name":"wp","href":"https:\/\/api.w.org\/{rel}","templated":true}]}}